 2, what is 10001 - -10011?
100100
In base 8, what is 27 - 17?
10
In base 11, what is -72 - 3?
-75
In base 9, what is 517 + -2?
515
In base 10, what is -2244 - 4?
-2248
In base 7, what is -3606 - 0?
-3606
In base 8, what is -132 + -4?
-136
In base 10, what is -2538 + -5?
-2543
In base 11, what is -1 - -137?
136
In base 8, what is 757 + -4?
753
In base 9, what is 11 + 1027?
1038
In base 15, what is 413 - 1?
412
In base 12, what is 577 - 1?
576
In base 16, what is 5ba + -9?
5b1
In base 3, what is 1 + -220?
-212
In base 9, what is -317 + 17?
-300
In base 11, what is 42 + 32?
74
In base 7, what is 21 - -4?
25
In base 13, what is -16 + 15?
-1
In base 10, what is 2 + -12?
-10
In base 15, what is 1c - 11a?
-ed
In base 12, what is -505 + 4?
-501
In base 2, what is 100 + -110111?
-110011
In base 8, what is -1 - -34?
33
In base 9, what is 5477 - 3?
5474
In base 12, what is 5 - 6b5?
-6b0
In base 15, what is 5 - 62?
-5c
In base 7, what is 164 - 0?
164
In base 16, what is -40 + 2?
-3e
In base 2, what is 110100 + -1001?
101011
In base 5, what is -2 + -12130?
-12132
In base 4, what is 2 - 3300?
-3232
In base 3, what is 2111 + -120?
1221
In base 11, what is 101 + -1?
100
In base 16, what is 1 + -1e?
-1d
In base 9, what is 622 - -6?
628
In base 13, what is -5 + -1a?
-22
In base 5, what is -2 + 23?
21
In base 14, what is -3c + 12?
-2a
In base 11, what is -2a9 + -a?
-308
In base 3, what is 11 + -1112021?
-1112010
In base 10, what is -39 - 3?
-42
In base 15, what is 3b + 34?
70
In base 3, what is 11222 - -22101?
111100
In base 4, what is -1133 - -11?
-1122
In base 7, what is 20056 - 3?
20053
In base 8, what is 2045 + 0?
2045
In base 14, what is -1 + 36?
35
In base 8, what is 57 + 203?
262
In base 8, what is 1 - -46?
47
In base 13, what is -21 + 8?
-16
In base 2, what is 10 + -10110?
-10100
In base 10, what is -1003 + -1?
-1004
In base 4, what is 1103 - -1?
1110
In base 3, what is -2011111 + -2?
-2011120
In base 3, what is -11 - -20?
2
In base 10, what is -34 - -7?
-27
In base 6, what is 241 + -3?
234
In base 11, what is 6 + -379?
-373
In base 3, what is 22 - -101220?
102012
In base 9, what is 2638 - 7?
2631
In base 5, what is 0 + -400?
-400
In base 8, what is -624 - 2?
-626
In base 2, what is 1010110100 + 110?
1010111010
In base 14, what is 7db - 2?
7d9
In base 3, what is -22221 + -2?
-100000
In base 8, what is -6 + -1534?
-1542
In base 8, what is -2 - 1121?
-1123
In base 4, what is -230 + 0?
-230
In base 3, what is 22 + -1211221?
-1211122
In base 12, what is -176b - 2?
-1771
In base 16, what is 4 + -9?
-5
In base 3, what is 110220 - -11?
111001
In base 6, what is -21 + 1122?
1101
In base 2, what is -1001010111 + -100?
-1001011011
In base 9, what is -4 - -2213?
2208
In base 2, what is 10 + -111?
-101
In base 7, what is 53126 + -5?
53121
In base 2, what is 110010 - 101?
101101
In base 3, what is 201211 + 12?
202000
In base 9, what is 153 - 7?
145
In base 8, what is -6624 + 5?
-6617
In base 10, what is -14 - -42?
28
In base 6, what is -10544 - 1?
-10545
In base 10, what is -210 - 7?
-217
In base 9, what is 113 + -8?
104
In base 16, what is 59 - 2?
57
In base 15, what is -1 + e9?
e8
In base 7, what is 45 - 1?
44
In base 8, what is 1113 + 4?
1117
In base 7, what is 5625 - -16?
5644
In base 7, what is 5 - -26?
34
In base 10, what is 32 - 12?
20
In base 7, what is 526 + 61?
620
In base 16, what is -a + -8?
-12
In base 15, what is 1 - -c?
d
In base 4, what is -10 - -123211?
123201
In base 6, what is -132550 + 4?
-132542
In base 16, what is 75d - -3?
760
In base 16, what is -93 + -4?
-97
In base 8, what is 442 + 60?
522
In base 3, what is 1000212 - 11?
1000201
In base 9, what is 4074 + -3?
4071
In base 9, what is 3 - 326?
-323
In base 3, what is -122 + -2100?
-2222
In base 5, what is 4034 - -2?
4041
In base 15, what is 3 + 51?
54
In base 11, what is 2 + 175?
177
In base 14, what is -9d + 2?
-9b
In base 6, what is 4320 + -10?
4310
In base 3, what is 12021 - -2?
12100
In base 16, what is -5 - 23f?
-244
In base 13, what is -2 - 183?
-185
In base 12, what is -2 + a08?
a06
In base 13, what is 0 - 74b?
-74b
In base 15, what is 52e - -5?
534
In base 8, what is -5 - -2?
-3
In base 7, what is -104 - 30?
-134
In base 16, what is -3 - -1d?
1a
In base 5, what is -1 + -1043?
-1044
In base 11, what is -40 - -3?
-38
In base 6, what is -30 - 150?
-220
In base 6, what is -35 + 0?
-35
In base 6, what is 31 + 243?
314
In base 11, what is -16 - 138?
-153
In base 14, what is 3 + -53?
-50
In base 3, what is 12 - 120220?
-120201
In base 7, what is 0 + -162?
-162
In base 15, what is 10 - -2?
12
In base 15, what is -5 - d2c?
-d32
In base 11, what is -3053 + 4?
-304a
In base 8, what is 5 - -37?
44
In base 4, what is -30 + 102?
12
In base 8, what is 5 - -223?
230
In base 12, what is -4 - -54?
50
In base 11, what is -256 + 1a?
-237
In base 11, what is -6a - -5?
-65
In base 8, what is 146 + -244?
-76
In base 15, what is -ba - d?
-c8
In base 5, what is 22 - 31?
-4
In base 15, what is -3 - -34?
31
In base 7, what is 21 + -665?
-644
In base 8, what is -16 + 25?
7
In base 7, what is -113 + 13?
-100
In base 9, what is 81 - -2?
83
In base 5, what is -232 - -43?
-134
In base 13, what is -7 - 27?
-31
In base 16, what is -3 - -90?
8d
In base 11, what is 53 - -1?
54
In base 11, what is -4 + -196?
-19a
In base 13, what is 355 - 6?
34c
In base 12, what is -2 - 47?
-49
In base 11, what is 10 + -148?
-138
In base 3, what is 10 - -1010?
1020
In base 2, what is -10100 + 110?
-1110
In base 9, what is 381 + -1?
380
In base 8, what is 4 - 153?
-147
In base 16, what is -4406 + -1?
-4407
In base 11, what is -2a5 - -1?
-2a4
In base 8, what is -467 + 3?
-464
In base 11, what is -519 - 1?
-51a
In base 14, what is 0 + -1c?
-1c
In base 12, what is -147a + -1?
-147b
In base 5, what is 10302 + 0?
10302
In base 5, what is -14 + -31?
-100
In base 3, what is 10 + 1111?
1121
In base 12, what is 33 + -4?
2b
In base 12, what is -16 + -38?
-52
In base 10, what is -10 - 11?
-21
In base 14, what is -3 + -52?
-55
In base 6, what is -2 + 1124?
1122
In base 9, what is -201 - -104?
-86
In base 5, what is 10 - 113?
-103
In base 16, what is 1 + 1214?
1215
In base 5, what is 21 - -320?
341
In base 13, what is 7 - -153?
15a
In base 7, what is -6 - 40?
-46
In base 7, what is 3326 + -3?
3323
In base 7, what is 1 - -14134?
14135
In base 7, what is -5 - 110?
-115
In base 12, what is -17 - 2?
-19
In base 15, what is -29b3 + 1?
-29b2
In base 4, what is 22220 + 11?
22231
In base 11, what is -8673 + -5?
-8678
In base 8, what is 263 + -15?
246
In base 7, what is -5 + 2245?
2240
In base 10, what is 237 + -1?
236
In base 11, what is -643a - -5?
-6435
In base 7, what is -4 - 656?
-663
In base 4, what is 110212 - -11?
110223
In base 8, what is -255 + 23?
-232
In base 15, what is 27 - 0?
27
In base 9, what is -4 + 107?
103
In base 11, what is 107 - -3?
10a
In base 11, what is -328 - -1?
-327
In base 7, what is -5 - 6615?
-6623
In base 11, what is 8 + 86?
93
In base 5, what is -141214 - 2?
-141221
In base 6, what is 1 - 102?
-101
In base 4, what is 0 + -12032?
-12032
In base 2, what is -1001 - -10011?
1010
In base 6, what is -1141 + 4?
-1133
In base 5, what is 4 + 4?
13
In base 13, what is -155 - -2?
-153
In base 11, what is -4 - 18?
-21
In base 13, what is c1 + -1?
c0
In base 15, what is 8 + 2?
a
In base 16, what is 3 + -1ee?
-1eb
In base 4, what is 13 + 1212?
1231
In base 4, what is -3211 - -2?
-3203
In base 2, what is -11 - -100011?
100000
In base 5, what is -4 + 431?
422
In base 7, what is -2 + 215?
213
In base 4, what is -11 - -32232?
32221
In base 16, what is -7 + -26e?
-275
In base 6, what is -30 - -2133?
2103
In base 14, what is 4b - bd?
-72
In base 12, what is -3 - b79?
-b80
In base 8, what is -1526 - 20?
-1546
In base 10, what is 4 + -177?
-173
In base 6, what is 10215 + 0?
10215
In base 13, what is 10 + 90?
a0
In base 9, what is -6 + -12?
-18
In base 9, what is -840 + 3?
-836
In base 10, what is 762 + 2?
764
In base 7, what is -1 + 40?
36
In base 8, what is -2 + -754?
-756
In base 6, what is 3 + -4230?
-4223
In base 7, what is -325 + 43?
-252
In base 5, what is -4 + -112222?
-112231
In base 2, what is 100 - -100000?
100100
In base 15, what is -10 - -71?
61
In base 12, what is -5 + 178?
173
In base 2, what is 101001 + -11?
100110
In base 16, w